) + f.
31
Suppose -5*h - 40 = -9*h + 5*w, 7 = 3*h + 2*w. Suppose 2*q - 335 = -5*b, -3*q + h*b + 837 = 272. What is the remainder when q is divided by 61?
58
Suppose v + 3*u - 47 - 169 = 0, 2*v - 5*u = 432. Calculate the remainder when v is divided by 58.
42
Let q(a) be the second derivative of -2*a**3/3 - 13*a**2 + 11*a. Let k be (-1 - 3)/1 + -1*3. Calculate the remainder when 12 is divided by q(k).
0
Let t = -28 + 32. Suppose -s = -0*s - t. Suppose -f = s*r - 46, -f + 58 = 8*r - 3*r. What is the remainder when 22 is divided by r?
10
Suppose 4*i = 5*u + 389, -4*i = -0*i - u - 401. Suppose 3*l - 217 = -o, o = -3*l + l + 144. Let d = i - l. Calculate the remainder when 81 is divided by d.
25
Let m = 21198 + -15278. What is the remainder when m is divided by 657?
7
Let t = 293 - 289. Suppose 5*j = 3*u + 1955, -t*j + 0*j - 3*u = -1591. What is the remainder when j is divided by 11?
9
Let q(z) = 517*z - 11061. What is the remainder when q(22) is divided by 40?
33
Suppose 29*y - 58 = 87. Suppose -11*p = -16*p + 4*i + 150, 2*p - y*i = 77. What is the remainder when 45 is divided by p?
19
Let n(j) = 74*j + 8527. What is the remainder when 1742 is divided by n(-114)?
13
Suppose 29*b - 4111 = 848. Suppose -401 + b = -10*r. Calculate the remainder when r is divided by 8.
7
Suppose 0 = -3*x - 7*s + 9*s + 1645, -5*x - 2*s + 2747 = 0. Calculate the remainder when 215 is divided by (4 - x)*(-2)/10.
106
Let b(f) = 2*f**3 - f**2 + 3. Calculate the remainder when b(8) is divided by 3.
0
Suppose 1864 + 954 = 3*w + 4*s, 5*w - 4702 = -4*s. Suppose 938 = 2*y + 3*o - 6*o, 2*y = 4*o + w. Calculate the remainder when y is divided by 39.
34
Suppose c = 3*a + 11, c + 2*a - 9 = 2. Let y = 15 - c. Suppose -y*o + 21 = -3*o. What is the remainder when o is divided by 12?
9
Let o = 45 - 44. Suppose 0 = -2*x + 2, 2*w + 0*x + o = x. Suppose -7*y = 4*l - 2*y - 113, w = l + 4*y - 31. Calculate the remainder when l is divided by 15.
12
Let q = -147 - -148. What is the remainder when q/(315/(-320) + 3 - 2) is divided by 5?
4
Let p = 111 + -107. Suppose -4*s - 125 - 263 = -2*x, 0 = p*x + 3*s - 831. What is the remainder when x is divided by 14?
8
Suppose 0 = 8*q - 12*q + 4*h + 156, 80 = 2*q - 3*h. Calculate the remainder when 395 is divided by q.
25
Let b = 1360 - 1983. Let y = 645 + b. What is the remainder when 72 is divided by y?
6
Suppose -5*y - 4 + 69 = 0. Suppose 2*h - 130 = 4*m, -14*h + 94 = -12*h + 5*m. What is the remainder when h is divided by y?
5
Calculate the remainder when 5 - (10 - (-3 - (-2492)/4)) is divided by 104.
95
Let u(s) = -s + 1. Let v be u(-3). Let g = 449 - 409. Calculate the remainder when 20 is divided by 4/(5*v/g).
4
Let s(g) = 2*g**3 + 13*g**2 - g + 27. Let r = -44 - -62. Calculate the remainder when s(-6) is divided by r.
15
Suppose 613 + 503 = 31*r. Suppose -8*z + 19 = -69. Calculate the remainder when r is divided by z.
3
Suppose 43*r + 172*r - 2367 = -48*r. Calculate the remainder when 1393 is divided by r.
7
Let s = -24967 + 25124. What is the remainder when 2051 is divided by s?
10
Calculate the remainder when 186 is divided by (-12)/((-180)/615) + (2 - 5).
34
Let n = -3 - -6. Suppose 28 = n*g - 5*g. Let c(u) = -2*u**3 - 28*u**2 - 15*u + 9. Calculate the remainder when c(g) is divided by 55.
54
Suppose 0 = -220*b + 240*b - 380. Calculate the remainder when (2 + (-11 - -7))*-1*50 is divided by b.
5
Suppose -16*c - 406 = 2*w - 12*c, 1045 = -5*w - 4*c. Let s = -181 - w. Calculate the remainder when 106 is divided by s.
10
Let o(m) = 227*m**2 - 285*m + 860. Calculate the remainder when o(3) is divided by 36.
32
Suppose -u - 5*x = 2, u + 4*x + 0 = -1. Let z be -4 + -2*(-5 - u). Let l(f) = -f**3 + 11*f**2 + 14*f - 13. Calculate the remainder when 41 is divided by l(z).
8
Suppose 19*q - 35 - 41 = 0. Suppose -3*o = -8 - q. Suppose o*p = -5*f + 119, -f = -3*f + 5*p + 41. What is the remainder when 137 is divided by f?
22
Suppose x + 3*x = 264. Let p = 41277 - 41262. Calculate the remainder when x is divided by p.
6
Suppose 0*d + 76 = 4*g - 4*d, -61 = -3*g + d. Let r(o) = o**3 + 25*o**2 + 43*o + 14. Calculate the remainder when r(-23) is divided by g.
20
Let j = -22284 - -22425. Calculate the remainder when 320 is divided by j.
38
Suppose 0 = -2*q - 5*i + 787, 58*q + 5*i + 1093 = 61*q. Calculate the remainder when q is divided by 75.
1
Suppose 266*i - 268*i + 5*r = -5072, 3*i = -4*r + 7677. Calculate the remainder when i is divided by 12.
7
Let k = 12692 - 12521. Calculate the remainder when 536 is divided by k.
23
Let d be -3 - -2*(3 + -1). Let z be 13/13 - (-40 - d). What is the remainder when 7*5*60/z is divided by 26?
24
Let n = -1026 - -1090. Suppose 13*g - 2226 = 6*g. What is the remainder when g is divided by n?
62
Let g(d) = -5*d**3 - 23*d**2 - 44*d - 249. Calculate the remainder when g(-6) is divided by 90.
87
Suppose -5*j - 4*b + 675 = 0, -4*j + 540 = 32*b - 28*b. Let i = -34 - -51. What is the remainder when j is divided by i?
16
Suppose -4*c - 1259 = -3*j, 15*c - 10*c - 388 = -j. What is the remainder when j is divided by 29?
7
Suppose -5 = 5*l, -4*l = -8*o + 7*o + 66. What is the remainder when 147 is divided by o?
23
Suppose 146*p = 153*p - 3*b - 487, 0 = 2*p + 4*b - 178. Calculate the remainder when 3348 is divided by p.
63
Let p(k) = -3026 - 71*k + 1501 + 1500 + 2*k**2. Calculate the remainder when p(40) is divided by 21.
20
Suppose 0 = 5*n - 35, 1846 = 2*j + 4*n + 542. Calculate the remainder when j is divided by 98.
50
Suppose -244 + 49 = 5*z. Let v = -17 - z. Calculate the remainder when ((-124)/6)/(-1)*(0 + 3) is divided by v.
18
Let s(k) = -6*k**3 + 221*k**2 - 181*k + 45. Let h(o) = 5*o**2 + 2*o. Let d(c) = c - 4. Let f be d(2). What is the remainder when h(f) is divided by s(36)?
7
Suppose 7*y = 4*y + 30. Suppose -9*h = -y*h + 3. Calculate the remainder when h*(-50)/18*-3 is divided by 4.
1
Suppose -565*s - 1780 = -575*s. Let x = 98 - 53. Let v = x + -9. Calculate the remainder when s is divided by v.
34
Suppose -2*g + 3 = u, u - g = -2*g + 8. Let o(x) = x**2 + 17*x - 23. Let l be o(-13). Let q = -13 - l. Calculate the remainder when q is divided by u.
10
Let a be -5 - 216/(-20)*-5. Let c = a + 67. Calculate the remainder when 15 is divided by c.
7
Let a(x) = -2*x**2 - 7*x + 28. Calculate the remainder when 1478 is divided by a(-5).
9
Let z(g) = -39*g - 57. Let f be z(-4). Calculate the remainder when 0/(-2) + f/(-27)*-15 is divided by 14.
13
Let z(k) = -2*k**3 - 2*k**2 - 7*k - 17. Let a(j) = -j**3 - 4*j**2 - 8*j - 16. Let p(v) = -3*a(v) + 2*z(v). Calculate the remainder when p(7) is divided by 51.
31
Suppose 0 = -129*c + 136*c - 1624. Let o = c + 32. What is the remainder when o is divided by 69?
57
Suppose 4*r - 5*x = 1, 2*r + 4*x = -r - 38. Let u be ((-365)/(-10) + -3)*r/(-3). Let i = 75 - u. Calculate the remainder when 54 is divided by i.
6
Suppose -41*w + 38*w = u - 80, 3*u - 273 = 2*w. Calculate the remainder when 887 is divided by u.
86
Let y(n) = -n**3 + 10*n**2 + 4*n + 1. Let x be y(10). Let h = -20 + x. Let s = -265 - -327. Calculate the remainder when s is divided by h.
20
Suppose 7*m + 42 = 3*c + 4*m, 3*m - 70 = -4*c. Suppose 5*a = g - 3*g + 76, 10 = -5*a. What is the remainder when g is divided by c?
11
Let d(y) = y**3 - 5*y**2 - 15*y + 14. Let s(a) = -a**3 - 8*a**2 - 11*a + 13. Let o be s(-6). Calculate the remainder when (-11)/((-2)/(2*2)) is divided by d(o).
1
Let y(v) = v - 5. Suppose 124*a = 107*a + 34. Calculate the remainder when y(8) is divided by a.
1
Suppose -5*t - 12 = -9*t. Suppose -3*l - t = -18. Suppose 3*a - 2*x - 48 = 0, -l*x = 6*a - 3*a - 69. What is the remainder when 105 is divided by a?
15
Let j = -3 + 18. Let i = -396 - -576. Suppose -15*k + 450 + i = 0. Calculate the remainder when k is divided by j.
12
Let t(o) = -3*o**3 - 3*o**2 + 14*o + 10. Let m be t(-6). Suppose -4*d + 8*h + m = 9*h, -3*d = h - 350. Calculate the remainder when d is divided by 20.
16
Let g(q) = -32*q + 191. Let t be g(0). Let l = -121 + t. What is the remainder when 209 is divided by l?
69
Let s = 3 - -3. Suppose 4*l - 5*k = -42, 4*k - 19 = -11. Let y(t) = -16*t - 112. Calculate the remainder when y(l) is divided by s.
4
Suppose -5*n + 659 = -36. Let o = n - -78. Suppose -2*u + b + o = 0, 0*b + 3*b = u - 106. What is the 